e the prime factors of (5413*8)/(360/162 + 14/(-63))?
2, 5413
Suppose 0 = -4*g + 2*g + 5*b, -11 = g + 3*b. Let k(u) = -163*u + 56. Let l be k(g). Suppose -15 = -5*r, -11*a = -15*a - r + l. List the prime factors of a.
7, 31
Let c = -2435 - -3625. List the prime factors of c.
2, 5, 7, 17
What are the prime factors of 5 + -19 + 4 + 42638?
2, 10657
Let y(w) = -2*w**2 - 10*w + w**2 + 5*w - 6*w - 7. Let r be y(-10). Suppose -r*u + 396 = 135. What are the prime factors of u?
3, 29
Let c = -126 + 954. Suppose 0 = 15*j - 3*j - c. What are the prime factors of j?
3, 23
Let h = 67 + -61. Let w(f) = -f**3 + 7*f**2 - 9*f + 6. Let j be w(h). List the prime factors of (276/(-16))/(j/64).
2, 23
Suppose 0*y - 5*a = 2*y - 46, a + 22 = 2*y. Suppose 4*v + 0*v - 4 = -4*u, 0 = -4*u + 5*v + y. Suppose u*d - 8*d + 1236 = 0. List the prime factors of d.
2, 103
What are the prime factors of (-14)/70 - (-32930)/25?
3, 439
Suppose 24367*o - 24364*o = 10563. List the prime factors of o.
7, 503
Let y be (40/(-15))/(22/33). What are the prime factors of (y/7)/((-2)/(-7)) - -411?
409
Let c(t) = -2*t**2 + 51*t - 145. Let i be c(22). List the prime factors of 4677/i - -2*3/18.
2, 5, 13
Let y = -41 - -55. Suppose -1038 - 82 = -y*g. What are the prime factors of g?
2, 5
Suppose -2*w + 3*h + 1 = 0, -3*h - 13 = -4*w - 2. Suppose 0 = -5*v + w*u + 65, v + 6 = 3*v + 2*u. What are the prime factors of (0 - 9/(-3)) + v*15?
3, 41
Suppose -2*i - i + 4*w = 11, -15 = -3*w. Suppose -y + 27 = k - 0*y, 5*k - i*y = 159. Suppose 20 = 34*a - k*a. List the prime factors of a.
5
Let y = -23 - 115. Suppose 2*c = -4*j - 132, -83*j = -79*j + 8. Let d = c - y. List the prime factors of d.
2, 19
List the prime factors of -1 + 12 + (-256)/16 - 6687/(-1).
2, 13, 257
Suppose 0*k - 6749640 = -72*k. List the prime factors of k.
5, 18749
Let h = -839 + 2129. Suppose 9*d - h = 14*d. Let x = -129 - d. What are the prime factors of x?
3, 43
Let l be 30/(-225) - (-814)/30. Let y(h) = -4 + l*h - 2*h**2 + 17 + 3*h**2 - 12. What are the prime factors of y(-28)?
29
Let o be (12/(-21))/((-4)/14). List the prime factors of (4186/35)/(8/(-5) + o).
13, 23
Let j(d) = -198*d - 128. What are the prime factors of j(-7)?
2, 17, 37
Suppose -22109 = -2*c + r, 82*r = 84*r + 10. What are the prime factors of c?
2, 3, 307
Suppose -25*f = -150, -2*c + 2*f + 82174 = 5*f. List the prime factors of c.
2, 19, 23, 47
Suppose -2*h = -0*j + 4*j - 3238, -4*h - 2*j + 6452 = 0. Suppose -o = -2*f + h, 5*f + 9*o - 4026 = 10*o. What are the prime factors of f?
5, 7, 23
Let k(b) = -15*b**3 + 11*b - 7. Let r = 996 + -999. What are the prime factors of k(r)?
5, 73
Let q = 14532 - 12305. What are the prime factors of q?
17, 131
Let m be ((-3 - -3) + 0)/(-1). Suppose m*c - 2022 = -2*c + 3*i, 3*c - 5*i = 3033. List the prime factors of c.
3, 337
Let d(t) be the third derivative of 65*t**4/24 + 2*t**3 + 30*t**2 - t. What are the prime factors of d(8)?
2, 7, 19
Let q = -96 + 99. Suppose q*i + 262 = 4*i. List the prime factors of i.
2, 131
Let c(g) = g**2 + 37*g + 143. Suppose -65*j + 770 = -87*j. List the prime factors of c(j).
73
Let c be (4/6)/((-9)/(-162)). Suppose 0 = -2*b + c + 46. Suppose m = -3*p + b, -m - 12 = -2*p + 2*m. What are the prime factors of p?
3
Suppose -292 = -2*s - 5*w + 7*w, 2*w + 435 = 3*s. Let g = 270 - s. List the prime factors of g/((-1)/(-1) + -5 + 5).
127
Let p(i) = 4*i - 35. Suppose 4*c - 6*v - 24 = -4*v, -4*c + 48 = 4*v. Suppose 4*r - 66 = 3*d, 3*r - c = -5*d + 56. What are the prime factors of p(r)?
37
Suppose 126696 = 72*r - 56544. What are the prime factors of r?
5, 509
Suppose -2*o + 28 = 20. Suppose -o*d - 8 = 2*l, 1 - 3 = -l + d. List the prime factors of l - 18/5*(-300)/10.
2, 3
Suppose -16475 = -23*y + 10182. Let a = y + -700. List the prime factors of a.
3, 17
Suppose 6*w - 8 = 7*w, 7*i - 29266 = -w. What are the prime factors of i?
2, 3, 17, 41
Let x(t) = -2*t - 12. Let p be x(-8). Let c(d) = 52*d + p - 21*d + 4*d**2 - 18*d - 22*d. List the prime factors of c(4).
2
Let l(w) = 4*w - 7. Let x(t) = 11*t - 22. Let q(h) = -8*l(h) + 3*x(h). Let m be q(12). Suppose m*u = -4*u + 294. List the prime factors of u.
7
Suppose 0 = -2*q + 3*q + 2*m - 4746, -2*q - 3*m + 9486 = 0. What are the prime factors of q?
2, 3, 263
Let o be (-2)/6*(-5043 - -15). Suppose 3*f - 1257 = 5*v, -4*f - 7*v + 3*v = -o. List the prime factors of f.
419
Suppose -5*v + 7021 = -46028 - 9306. What are the prime factors of v?
3, 4157
Suppose 3*n + 2*p - 207517 = 0, 64*p - 345850 = -5*n + 59*p. List the prime factors of n.
3, 23059
Let q(m) = -3*m**3 - 4*m**2 + 22*m - 10. Let c be q(6). Let l = c - -1590. List the prime factors of l.
2, 5, 23
Suppose -2*q - q = 5*f - 31, -5*f + 23 = -q. Let t(s) = 22*s - 30 + 58 + 4*s**q - 22. What are the prime factors of t(-9)?
2, 3, 11
Let c be 22/(-5)*(-3 - 2). Suppose 5*i + 2 = c. Suppose -i*j + j + 168 = 0. What are the prime factors of j?
2, 7
Let n(a) = 81*a**2 + 14*a + 42. List the prime factors of n(-12).
2, 3, 641
Suppose -54*m + 51*m - 6 = 0. Let f(u) = -19*u**3 + 3*u**2 - 3*u - 10. Let v be f(m). List the prime factors of ((-42)/(-24))/((-158)/v + 1).
2, 5, 7
Suppose 313 = -4*v + 37. Let n = -75 - v. What are the prime factors of (-7)/((n/(-16))/((-585)/52))?
2, 3, 5, 7
Suppose 23*a - 18*a - 113590 = -5*h, -3*h = -2*a - 68124. What are the prime factors of h?
2, 17, 167
Let i(l) = -2*l**2 - 184*l - 142. What are the prime factors of i(-87)?
2, 7, 13
Let u(j) = 82*j**2 + 16*j - 62. What are the prime factors of u(11)?
2, 13, 193
Let z be (-2)/(-6)*30*(-2)/(-4). List the prime factors of (-152)/(z + (-135)/25).
2, 5, 19
Let t = 16040 + -9993. What are the prime factors of t?
6047
List the prime factors of (-130960)/(-42) - 14/147*1.
2, 1559
Suppose -416*u + 14 = -409*u. Suppose -4*d + a + 2740 = 0, -u*a + 233 = -5*d + 3658. List the prime factors of d.
5, 137
List the prime factors of ((-2)/(20/(-2582)) - 9)*5.
2, 7, 89
Let x(o) = 297*o + 248. What are the prime factors of x(17)?
5297
What are the prime factors of 12/10*(32 - 29)*6465/6?
3, 431
Let i(j) = -88*j**3 + j**2 + 2*j. Let v = 9 + -18. Let b = v - -8. List the prime factors of i(b).
3, 29
Suppose -46*m = -143*m - 30*m + 5892546. What are the prime factors of m?
2, 3, 11, 19, 37
Suppose 0 = -5*u + 242 + 934 + 579. Let c(z) = 262*z - 3. Let j be c(2). Let d = j - u. List the prime factors of d.
2, 5, 17
Let q be (-336)/(-189) - 6/(-27). What are the prime factors of 3/q - (5 + 5265/(-10))?
523
Suppose 92*q = 1320885 + 551775. What are the prime factors of q?
3, 5, 23, 59
Let y be ((-2)/(-3))/(4/(-138)). Let w = -18 - y. Suppose -3*a + 258 = 4*s - 363, 3*s - w*a - 502 = 0. List the prime factors of s.
3, 53
Let v(w) = 99*w**2 + 170*w + 3987. List the prime factors of v(-27).
2, 3, 7, 71
Let m(z) = -z**3 + 3*z**2 + 6*z - 11. Let x be m(2). Let o(f) = 5*f**3 + 7*f**2 - 28*f + 6. List the prime factors of o(x).
2, 3, 37
Let x be ((-200)/(-2) - -1)/1. Suppose -21*y - x = -647. What are the prime factors of y?
2, 13
Let d(r) be the first derivative of 19/2*r**2 + 18 + 28*r. What are the prime factors of d(4)?
2, 13
Let d be (-24)/(-30)*-1*30. Let o = -25 + 62. Let h = o + d. What are the prime factors of h?
13
Suppose 2*k - 2*o = -344, 2*k - 4*o = -0*k - 340. Let s = 584 + k. What are the prime factors of s?
2, 5, 41
Suppose -z + 0 - 4 = 0. List the prime factors of (-744)/9*6/z.
2, 31
Let a(c) be the third derivative of -1/12*c**4 + 1/30*c**5 + 1/2*c**3 + 0*c + 16*c**2 + 0. What are the prime factors of a(-4)?
43
Suppose -4*q + 16 = 0, 4*k + 3*q = -0*q - 112. Let g = k + 29. Let y(b) = -11*b - 7. What are the prime factors of y(g)?
3, 5
Let k(w) = 4*w**2 - 3*w + 1. Let i = -16 - -17. Let m be k(i). Suppose -h - m = -58. What are the prime factors of h?
2, 7
Suppose 0 = 34*p - 10 - 126. Suppose 0 = -5*z - 2*v + 3075, 1230 = 6*z - p*z - 3*v. List the prime factors of z.
3, 5, 41
Let g = -3255 + 10524. What are the prime factors of g?
3, 2423
Let q = 64 - 42. Suppose -13*z + 17 = -q. Suppose 0 = 5*v + z*f - 0*f - 348, 5*f + 92 = v. What are the prime factors of v?
2, 3
What are the prime factors of ((-5901)/(-1405))/(3/4175)?
5, 7, 167
Suppose -4 = -2*i, -13*i - 17299 = -3*m - 15*i. List the prime factors of m.
5, 1153
Suppose -5*y = 47 - 62. Suppose -u